) = -7*f(h) - 6*j(h). Let w = 1 + -1. Give i(w).
6
Let m be 4/(-6) - (-22)/6. Let s = -1 + m. Let g(d) be the second derivative of -d**4/12 - d**3/6 - d**2/2 + d. Give g(s).
-7
Let w(j) be the second derivative of -j**4/12 + j**3/2 + 2*j**2 + j. Let k be -2 - 4 - (-4 - -1). Let q be (-4)/(-1) - (k + 2). Give w(q).
-6
Let g be (-4)/16 + (-22)/8. Let n(c) = -2*c - 2. Determine n(g).
4
Let i(k) = k**3 + 3*k**2 - 4*k - 4. Let t be (-2 - -6) + (-3)/3. Let f = 5 - t. Suppose 0*a + f*a + 5*o + 11 = 0, -5*o = a + 8. Give i(a).
8
Let d = -1 + 1. Let c(y) be the second derivative of 1/2*y**2 + 1/6*y**3 - y + 1/20*y**5 + 0 - 1/12*y**4. Determine c(d).
1
Let q(d) = 1 - 2*d + 1 + 2 - 1. Determine q(2).
-1
Let v(f) = 20*f**2 - f - 15. Let u(s) = -7*s**2 + 5. Let p(b) = -17*u(b) - 6*v(b). Let y be p(7). Let c(l) = -l**3 - 2*l**2 + l - 1. Give c(y).
-3
Let i = 26 + -22. Let z(a) be the first derivative of -a**3/3 + 5*a**2/2 + 4*a - 2. Calculate z(i).
8
Suppose -6*q = -5*q - 7. Let y be (-2)/1 + (q - 5). Let l be (3/4 - y)*8. Let c(z) = -z**2 + 6*z + 1. Calculate c(l).
1
Let t = -3 - -4. Let h(g) = -13*g - 6. Let u(i) = 105*i + 49. Let y(v) = 49*h(v) + 6*u(v). Calculate y(t).
-7
Let y(j) be the second derivative of -j**4/12 + j**3/3 + j**2/2 + 2*j. What is y(2)?
1
Let c(b) be the third derivative of b**8/20160 - b**7/5040 - b**6/720 - b**5/30 - 3*b**2. Let p(u) be the third derivative of c(u). What is p(-1)?
1
Let j(o) be the first derivative of o**3/3 - o**2/2 - 4*o - 1. Let z(s) = -3*s - 3. Let t be z(-5). Suppose -r + t = 2*r. What is j(r)?
8
Let x(g) = -3*g + 3. Let s(w) = -3*w + 19. Let z be s(5). Determine x(z).
-9
Let i be 4*(-1)/(-2) - -2. Suppose -2 = 2*r - 5*c, -i*r + 6 = -2*c - 6. Suppose r*j + 9 = -3. Let m(g) = -g**3 - 4*g**2 - 4*g + 1. Calculate m(j).
4
Let h(k) = k - 6. Let a be (-2*3)/(0 - 2). Suppose 0 = -4*c + 3*c + a. Suppose -c*p + 0*p - 3*f = 0, -4*p - 2*f + 10 = 0. Calculate h(p).
-1
Let b(y) = 2*y + 5. Let k = 11 + -17. Give b(k).
-7
Let i(f) = 5*f**2 - f + 3. Let y be i(1). Let p(a) = 3*a - 9. Determine p(y).
12
Let k(g) be the third derivative of -g**5/60 + g**4/3 + 3*g**3/2 - 8*g**2. Calculate k(8).
9
Let c(x) = x**3 + 3*x**2 - 6*x - 6. Let n be c(-4). Let m be (1 - 1)*n/4. Let v = m + 2. Let r(t) = t - 2. Calculate r(v).
0
Let x(t) = -2*t**2 + t. Let i(f) = -f**3 + 9*f**2 - 1. Let q be i(9). Give x(q).
-3
Let m be (2 - (-9)/(-3))*-1. Let o = m + 19. Suppose -5*w + 0*w - o = 0. Let y(p) = p**3 + 4*p**2 + p. Give y(w).
-4
Let q(h) = 4*h**2 + 3*h. Let y(r) = -5*r**2 - 4*r. Let n(l) = -3*q(l) - 2*y(l). Determine n(-3).
-15
Let f = 2 - 5. Let h(d) = -10*d + 5*d + 2 + 6*d + 3*d + 4*d**2 + d**3. Determine h(f).
-1
Suppose 0 = 4*x - 26 + 2. Let i(c) = c**3 - 5*c**2 - 3*c - 2. Calculate i(x).
16
Let r(b) = -b + 2. Let j = 18 + -21. What is r(j)?
5
Let y(l) = l + 9. Let n be y(-5). Suppose -m = -n*m + 6. Let q(c) = 2*c - 83*c**2 + 171*c**2 - 3 - 90*c**2. Determine q(m).
-7
Let k(v) = 3*v**2 + v - 6. Let n(i) = 4*i**2 - 6. Let u(s) = 5*k(s) - 4*n(s). Determine u(5).
-6
Let c(g) = 2*g - 2*g - 1 - g**2 - g. Let y(o) = o**2 - 5*o - 8. Let q = 2 - -4. Let d be y(q). Calculate c(d).
-3
Suppose 3*u - 2*u + 5 = -5*f, f = -3*u - 15. Let b(g) = -g**3 - 3*g**2 + 7*g + 5. Calculate b(u).
20
Let r = -84 + 79. Let j(p) = p - 2 - 9*p**2 + 4*p**2 - 4*p**3 + 3*p**3. Determine j(r).
-7
Suppose -j + 0 = 3*w + 2, -4*j + 3*w + 22 = 0. Let q be ((-6)/j)/(9/(-12)). Let x(z) = z**3 - 3 - 3*z**2 + 4 - 3 + 3*z + 2*z**q. Give x(2).
8
Let k(g) = -3*g**2 - 4*g. Let o(p) = -p**3 + 6*p**2 + 15*p + 5. Let i be o(8). Calculate k(i).
-15
Let q(b) be the second derivative of -b**4/12 + b**3 + 2*b**2 + 15*b. What is q(3)?
13
Let k = 33 + -31. Let v(x) = 2*x**2 - x. Give v(k).
6
Let w(t) = -2*t**3 - t**2 + 1 - t**3 - 5*t**2 + 4*t**3 - 6*t. What is w(7)?
8
Let h(z) = -z**3 + 6*z**2 - z + 1. Suppose 10 = 3*q - 8. Give h(q).
-5
Let m(z) = -3*z - 1 - 7 - 7 + 13. Calculate m(-4).
10
Let w(k) be the second derivative of 1/12*k**4 - k**2 + 1/6*k**3 + 8*k + 0. Determine w(2).
4
Let g = 13 + -8. Suppose 2*u - 6 = -0*u. Let z(i) = -4 - 5*i + 2*i + u*i + 3*i. What is z(g)?
11
Let q be -3 - (-2 + -1 + 4). Let f be (1 + 2/(-3))*9. Let r(h) = 4*h**2 - 4 + 4*h - f*h**2 - h. Determine r(q).
0
Let b(p) = -2*p**2 + 9*p - 9. Let v be b(3). Let n(x) be the second derivative of -x**4/12 + x**3/6 + 3*x**2 + x. What is n(v)?
6
Let i(a) = a**2 + 3*a - 1. Suppose g + 2*o = -1, -g + 2*o - 19 = 2*g. Determine i(g).
9
Let b(p) be the first derivative of -p**3 + 1 - 2*p**2 + 1/4*p**4 + 4*p. Suppose -4*x = -3*x - 3. What is b(x)?
-8
Let c(j) = j - 13. Let v = -58 + 58. Determine c(v).
-13
Suppose 2*g + 4*t - 67 = 3*t, 3*t - 65 = -2*g. Suppose -5*k + k + 2*s = -g, 2*s + 16 = k. Let w(z) = 0*z**2 + z**2 - k + 5. Give w(-2).
3
Let s(z) = -4*z - 2. Let x be s(-2). Let h(i) = 0*i + i - 7*i + x*i**2 + i**3 + 1. Give h(-7).
-6
Let f be -1*10*(-1)/2. Suppose f*n + c = -4*c + 10, -4 = n + 4*c. Let m(o) = o**3 - 5*o**2 + 5*o + 3. Give m(n).
7
Let i(v) be the first derivative of 2*v**3 - v**2/2 - 17. Determine i(-1).
7
Let d(l) = -3*l**2 + 8*l + 15. Let b(o) = -o**2 + 3*o + 5. Let c(m) = -17*b(m) + 6*d(m). Give c(-4).
1
Let o(c) be the second derivative of -c**4/12 - 7*c**3/6 - 7*c**2/2 - 14*c. Give o(-6).
-1
Let r(q) = -q**3 - 6*q**2 - 4*q + 2. Suppose -3*j + 5*k - 5 = -7*j, 5*j - 28 = k. Suppose j*u + 25 = a - 5*a, -23 = 5*a - 2*u. Calculate r(a).
-3
Suppose 4*l + 2 = 2*q - 10, l - 2 = -2*q. Suppose 0 = -q*b + 7 - 3. Let u(m) = -2*m + 1. Calculate u(b).
-3
Let x(m) = m**2 - 3*m - 4. Let s be x(3). Let n(z) = -z**3 - 5*z**2 - 4*z + 3. Determine n(s).
3
Let m(d) = -20*d - 7. Let f(h) = -9*h - 4. Let g(p) = 9*f(p) - 4*m(p). Give g(0).
-8
Let l(q) be the third derivative of -q**4/4 - 5*q**2. Determine l(2).
-12
Let n(h) = 200*h**3 + 197*h**3 - 8*h - 396*h**3 - 6*h**2. Give n(7).
-7
Let x(d) = d. Let b(p) = 7*p**2 + 10*p + 6. Let c(r) = -4*r**2 - 5*r - 3. Let m(u) = -3*b(u) - 5*c(u). Let i be m(-3). Let j = 0 + i. Determine x(j).
3
Let y(f) be the third derivative of f**6/120 + f**5/20 + f**4/24 + f**3/2 - 28*f**2. Determine y(-3).
0
Let r(v) = v + 1. Let p(b) = b. Let h(s) = 3*p(s) - 6*r(s). Give h(-6).
12
Suppose 2*m = -2*m + 80. Suppose w + m = -4*f, 3*w + 3 + 17 = -2*f. Let y(t) be the second derivative of -t**3/6 + t**2 - t. Determine y(f).
6
Let m(i) = -2*i - 7. Let a(f) = 6*f + 20. Let x(g) = 4*a(g) + 11*m(g). What is x(-4)?
-5
Let r(i) = 5*i + 3. Let c be (-1)/(-2) + (-35)/(-14). What is r(c)?
18
Let d(f) = 3*f + 3. Let g(v) = v - 8. Let h be g(6). Give d(h).
-3
Suppose 0*a + 2*j = -a + 1, 2*j = -2*a + 4. Let i(w) = 2*w**2 - w - 3. Give i(a).
12
Let h(w) be the first derivative of -w**4/4 + 4*w**3/3 + 3*w**2 + 2*w + 9. Give h(5).
7
Let a(c) be the third derivative of 3*c**6/40 - c**5/60 + c**3/6 - 11*c**2. Determine a(-1).
-9
Let f be (-2)/(1/(4/8)). Let c(w) = 9*w**2 - w. Calculate c(f).
10
Let p(o) = o - 5*o**2 + 4*o**2 + 2 - 8. Let n be 14/8 - (-1)/4. Suppose z = -n*z. Determine p(z).
-6
Suppose -2*l - 4*l = -12. Let d(k) = -34*k**2 + 0*k - 1 + l*k + 40*k**2. What is d(1)?
7
Let j(x) = x**3 - 4*x**2 - 5*x - 3. Let r(y) = -y + 2. Let g be r(-3). Determine j(g).
-3
Suppose -3*i + 5*a = -38, -8*i - 5*a = -3*i - 10. Let p(j) = -2*j - j + 8 + 2*j. What is p(i)?
2
Let y(k) = -2*k**3 - 5*k**2 - 9*k - 5. Let x(w) = -w**3 - 3*w**2 - 4*w - 2. Let g(p) = -5*x(p) + 2*y(p). Calculate g(-4).
8
Let t = -18 - -20. Let p(c) = 0*c**t + 3 - 2*c**2 - c + 0*c**2 - 4. Give p(-3).
-16
Let i(c) be the first derivative of c**4/4 - 2*c**3/3 + c**2/2 + c - 6. What is i(-2)?
-17
Let q(g) = -g**2 - 3*g + 3. Let n be (-3 + -2)*(-12)/5. Suppose 4*w + 3*s + 18 = 0, -w - 3*s = 2*w + n. Calculate q(w).
-15
Let b(r) = r**3 + 8*r**2 - 7. Let c(v) be the third derivative of -v**5/60 + v**3/6 + v**2. Let d(w) = b(w) + 5*c(w). Calculate d(-3).
-2
Let p(g) = -3*g**2 - 2*g + 2. Let f(t) = -t**2. Let u(h) = 4*f(h) - p(h). Give u(3).
-5
Suppose -5*h + 6 = -4. Let s(z) = -10*z - 3*z**2 + 15*z + 2 + h*z**2. Give s(3).
8
Let f(x) be the second derivative of -x**3/6 - 2*x**2 + 21*x. Calculate f(3).
-7
Let p(f) = -4*f + 6. Let y(h) = -16*h + 8. Let c(z) = -5*z + 3. Let r(o) = 7*c(o) - 2*y(o). Let s(x) = 4*p(x) - 5*r(x). Determine s(3).
-4
Let s(k) = -k**